 factors of 22599577.
7, 11, 13, 107, 211
List the prime factors of 14483912.
2, 191, 9479
What are the prime factors of 10249736?
2, 7, 103, 1777
What are the prime factors of 105419877?
3, 67, 71, 83, 89
What are the prime factors of 84129163?
1289, 65267
What are the prime factors of 271507282?
2, 135753641
What are the prime factors of 79539426?
2, 3, 41, 107777
List the prime factors of 95927276.
2, 19, 887, 1423
What are the prime factors of 4367263204?
2, 97, 757, 14869
List the prime factors of 231886656.
2, 3, 402581
List the prime factors of 658772312.
2, 11, 1399, 5351
What are the prime factors of 113071827?
3, 11, 3426419
What are the prime factors of 57346480?
2, 5, 281, 2551
List the prime factors of 137558273.
137558273
List the prime factors of 118921096.
2, 7, 257, 8263
List the prime factors of 1325094629.
59, 22459231
List the prime factors of 9855528.
2, 3, 19, 21613
List the prime factors of 54848172.
2, 3, 1427, 3203
List the prime factors of 1349196878.
2, 19, 191, 211, 881
List the prime factors of 41953196.
2, 23, 456013
List the prime factors of 348583023.
3, 3049, 12703
List the prime factors of 57579458.
2, 227, 126827
What are the prime factors of 280540559?
13, 21580043
What are the prime factors of 1055176695?
3, 5, 331, 70841
What are the prime factors of 2650155199?
631, 4199929
What are the prime factors of 1407019197?
3, 59, 109, 233, 313
What are the prime factors of 301825689?
3, 11, 877, 10429
What are the prime factors of 74074482?
2, 3, 4115249
What are the prime factors of 1595891063?
13, 47, 1399, 1867
What are the prime factors of 853791690?
2, 3, 5, 28459723
What are the prime factors of 849582770?
2, 5, 9041, 9397
What are the prime factors of 132437631?
3, 3697, 11941
List the prime factors of 4344831866.
2, 2172415933
List the prime factors of 27219385.
5, 5443877
List the prime factors of 157525458.
2, 3, 101, 259943
List the prime factors of 34445711.
34445711
What are the prime factors of 2776164224?
2, 21688783
What are the prime factors of 77848753?
239, 307, 1061
List the prime factors of 1006610170.
2, 5, 100661017
List the prime factors of 5973758.
2, 7, 426697
List the prime factors of 1025087559.
3, 341695853
What are the prime factors of 3223577600?
2, 5, 125921
List the prime factors of 260023516.
2, 67, 970237
What are the prime factors of 95696463?
3, 31898821
What are the prime factors of 3619230755?
5, 7, 241, 277, 1549
What are the prime factors of 11758971?
3, 7, 167, 479
What are the prime factors of 30273549?
3, 17, 59, 10061
What are the prime factors of 39902809?
367, 108727
List the prime factors of 1072202384.
2, 11, 29, 210071
What are the prime factors of 497518363?
19, 26185177
List the prime factors of 9444276.
2, 3, 103, 283
List the prime factors of 555818548.
2, 127, 1094131
What are the prime factors of 3752068060?
2, 5, 13, 14431031
List the prime factors of 79231075.
5, 7, 11, 79, 521
List the prime factors of 352559974.
2, 13, 17, 797647
List the prime factors of 3532240791.
3, 2269, 19219
What are the prime factors of 99440963?
31, 439, 7307
What are the prime factors of 2596155955?
5, 3739, 138869
What are the prime factors of 72409426?
2, 17, 2129689
List the prime factors of 572743957.
17, 1981813
List the prime factors of 36075706.
2, 2797, 6449
List the prime factors of 5270118770.
2, 5, 7, 75287411
List the prime factors of 64978808.
2, 37, 219523
List the prime factors of 976871678.
2, 43, 683, 16631
List the prime factors of 1117120104.
2, 3, 3221, 4817
What are the prime factors of 34753146?
2, 3, 1481, 3911
What are the prime factors of 44016346?
2, 11, 47, 42569
List the prime factors of 1875158393.
19, 98692547
List the prime factors of 177807481.
67, 827, 3209
What are the prime factors of 645735221?
263, 709, 3463
List the prime factors of 1364808007.
21193, 64399
What are the prime factors of 3189082519?
7, 173, 2633429
What are the prime factors of 178813426?
2, 11, 8127883
List the prime factors of 125490110.
2, 5, 2657, 4723
List the prime factors of 916571683.
293, 499, 6269
List the prime factors of 271467554.
2, 19, 7143883
What are the prime factors of 2692865701?
2692865701
List the prime factors of 5800545236.
2, 157, 9236537
What are the prime factors of 104515177?
13, 83, 7451
List the prime factors of 25093960.
2, 5, 627349
What are the prime factors of 47388295?
5, 109, 86951
List the prime factors of 387595828.
2, 96898957
List the prime factors of 291878902.
2, 7, 223, 93491
List the prime factors of 2053971.
3, 127, 599
List the prime factors of 516487554.
2, 3, 11, 281, 9283
List the prime factors of 1557977261.
31, 50257331
What are the prime factors of 3588933381?
3, 11, 43, 2529199
List the prime factors of 247749250.
2, 5, 7, 67, 2113
What are the prime factors of 571036012?
2, 142759003
What are the prime factors of 5153193807?
3, 61, 521, 54049
List the prime factors of 998613324.
2, 3, 19, 47, 31063
What are the prime factors of 2702790357?
3, 1123, 802253
What are the prime factors of 442752200?
2, 5, 11, 201251
What are the prime factors of 1927938?
2, 3, 321323
List the prime factors of 250814741.
107, 659, 3557
List the prime factors of 44653539.
3, 7, 1091, 1949
What are the prime factors of 122833921?
7, 257, 68279
What are the prime factors of 3477958841?
7, 14983, 33161
What are the prime factors of 1546358570?
2, 5, 103, 829, 1811
List the prime factors of 3973733401.
11, 361248491
What are the prime factors of 47787717?
3, 19, 577, 1453
What are the prime factors of 98921628?
2, 3, 13, 70457
What are the prime factors of 39310250?
2, 5, 7, 3209
What are the prime factors of 258574749?
3, 149, 578467
List the prime factors of 2852268915.
3, 5, 2131, 89231
List the prime factors of 135512372.
2, 17, 241, 8269
What are the prime factors of 66266479?
29, 1097, 2083
List the prime factors of 7235382421.
7235382421
What are the prime factors of 467628480?
2, 3, 5, 11, 29, 509
List the prime factors of 572964035.
5, 7, 43, 380707
What are the prime factors of 93431553?
3, 239, 311, 419
What are the prime factors of 166750840?
2, 5, 19, 219409
What are the prime factors of 1451086528?
2, 1901, 11927
List the prime factors of 202535991.
3, 7, 19, 56401
List the prime factors of 184555035.
3, 5, 7, 585889
What are the prime factors of 195026275?
5, 7801051
What are the prime factors of 187684544?
2, 151, 19421
List the prime factors of 9341115.
3, 5, 7, 71, 179
List the prime factors of 46279287.
3, 17, 131, 2309
What are the prime factors of 63093123?
3, 7010347
What are the prime factors of 1210722227?
11, 13, 67, 107, 1181
What are the prime factors of 3927792907?
31, 41, 163, 18959
List the prime factors of 536836759.
1151, 466409
What are the prime factors of 1753417037?
1753417037
What are the prime factors of 347508603?
3, 13, 990053
What are the prime factors of 2702470895?
5, 540494179
What are the prime factors of 174049191?
3, 53, 364883
List the prime factors of 1444272765.
3, 5, 13, 41, 180647
List the prime factors of 304820850.
2, 3, 5, 47, 43237
What are the prime factors of 3977107874?
2, 17, 37, 3161453
List the prime factors of 757445626.
2, 7, 7729037
List the prime factors of 2065882198.
2, 19, 37, 439, 3347
List the prime factors of 862819691.
862819691
List the prime factors of 2625136930.
2, 5, 13, 41, 107, 4603
List the prime factors of 1249033368.
2, 3, 11, 1367, 3461
List the prime factors of 4542978283.
101, 139, 323597
What are the prime factors of 577275459?
3, 23, 31, 73, 3697
What are the prime factors of 416444967?
3, 509, 90907
What are the prime factors of 24063849?
3, 2673761
List the prime factors of 44194401.
3, 157, 31277
What are the prime factors of 91827914?
2, 17, 23, 117427
List the prime factors of 1999256905.
5, 399851381
List the prime factors of 118430930.
2, 5, 11843093
What are the prime factors of 50803009?
50803009
What are the prime factors of 518919966?
2, 3, 9609629
List the prime factors of 312418380.
2, 3, 5, 37, 140729
List the prime factors of 281879721.
3, 31319969
List the prime factors of 202333811.
41, 4934971
What are the prime factors of 2845488635?
5, 11, 4703287
What are the prime factors of 256854680?
2, 5, 6421367
List the prime factors of 876519223.